*y + 8. Let p be v(-2). Calculate the remainder when 146 is divided by ((-9)/(-4))/(93/p).
20
Let p(w) = -28*w - 36. What is the remainder when 89 is divided by p(-3)?
41
Suppose 6*z + 827 = 10*z + 5*a, -z = 2*a - 203. What is the remainder when z is divided by 73?
67
Suppose 131 - 5 = -2*q + 4*d, -2*d = 3*q + 213. Let b = 97 + q. Calculate the remainder when 53 is divided by b.
25
Let h be 2*(3 - (1 - -3)). Calculate the remainder when 24 is divided by 18*(8/h)/(-8).
6
Let d be (-40)/(-18) + 2/(-9). Suppose -6*v - 69 = -3*v - 4*b, 70 = -4*v - d*b. Let k = v - -36. Calculate the remainder when 33 is divided by k.
16
Let i = 280 - 276. Calculate the remainder when 74 is divided by i.
2
Let s = 208 - 205. Suppose -c + 9 = -m - 1, 4*c - 28 = -2*m. What is the remainder when c is divided by s?
2
Let n(s) = -s**2 - 2*s - 20. Let b be n(0). Calculate the remainder when ((-1)/(-4) - 755/b) + -1 is divided by 13.
11
Let y = -43 - -82. Let l = 31 + -18. Suppose 4*b - y = l. What is the remainder when b is divided by 8?
5
Let o = -3 + -1. Let m be -1 - (1 + (-8)/o). Calculate the remainder when (-1 - 1) + (-96)/m is divided by 6.
4
Suppose -366 = 5*m + a - 63, 4*a = 5*m + 313. Let x = m + 82. Calculate the remainder when 104 is divided by x.
20
Let t = 2059 - 1861. Calculate the remainder when t is divided by 71.
56
Let t = -739 + 751. Suppose l + 4*l = 40. Let w(d) = -d**3 + 8*d**2 + 4*d. What is the remainder when w(l) is divided by t?
8
Suppose -4*x + 3*o = -2*o + 5, -o + 1 = 0. Suppose -28*u - 2 = -29*u. Suppose x*r = u*r - 62. Calculate the remainder when r is divided by 8.
7
Let z(p) = 6*p - 21. Let d(s) = -17*s + 62. Let w(m) = 4*d(m) + 11*z(m). Let f(k) = -7*k - 1. What is the remainder when w(-3) is divided by f(-2)?
10
Suppose 3*i = -n + 117, 0*i + 4*n - 117 = -3*i. Calculate the remainder when 110 is divided by i.
32
Let v(n) = -13*n**3 - n. Let g be v(1). Calculate the remainder when 56 is divided by (4 - (0 - g))*-2.
16
Let t(c) = 2*c - 9. Let u(l) = 2*l - 8. Let a(n) = -6*t(n) + 5*u(n). Let g be a(5). Suppose -1 = -g*v + 19. What is the remainder when 18 is divided by v?
3
Let l(r) = -3*r**2 + 42*r - 24. What is the remainder when 58 is divided by l(13)?
13
Suppose -3*p + 7*p = -24. Let g be 3 + (-9)/(p/2). Let q(t) = t**3 - 7*t**2 + 7*t + 5. What is the remainder when 42 is divided by q(g)?
9
Let x be (-361)/(-7) - (-6)/14. Suppose 0 = 5*h - 2*w - x, -2*h = -5*w - 0 - 4. What is the remainder when 43 is divided by h?
7
Let l be (-17 + 12)*6/2. Let x = l + 32. Let f(r) = -9*r + 4. What is the remainder when f(-5) is divided by x?
15
Let i be 9/((-180)/(-152))*-5. Let r = 41 + i. Calculate the remainder when 7 is divided by r.
1
Let j be 4/(-6) - (-4)/6. Let v = j - -87. Suppose -2*k - 3*y = k - v, -k + y = -19. Calculate the remainder when 70 is divided by k.
22
Suppose 19*n - 4*b = 23*n - 136, -n + 3*b + 26 = 0. What is the remainder when n is divided by 3?
2
Let x = -189 - -208. Calculate the remainder when 129 is divided by x.
15
Let y = 77 + -67. Calculate the remainder when y is divided by -1*12/(0 + -3).
2
Let y(d) = -3*d**2 - 26*d - 32. What is the remainder when 26 is divided by y(-7)?
2
Suppose p + 2*p = 18. Suppose 0 = 29*y - 28*y + 3*k + 1, -3*k + 41 = 4*y. What is the remainder when y is divided by p?
2
Let f be ((-190)/(-4))/(2*(-6)/(-24)). Let j = f + -73. What is the remainder when 85 is divided by j?
19
Let c(j) = -15*j + 142. What is the remainder when c(8) is divided by 8?
6
Let b(v) = 24*v**2 - 309*v + 13. What is the remainder when 222 is divided by b(13)?
14
Let f be 2*-1*(-1 - 1). Calculate the remainder when 56 is divided by 13 - (-8*1)/f.
11
Suppose 28 = g - v, 3*v + 74 - 238 = -5*g. Let d(x) = -x**2 - 37*x - 24. What is the remainder when d(-27) is divided by g?
29
Calculate the remainder when (2278/85)/((-2)/(-5)) is divided by 17.
16
Let i = -1063 - -1370. Calculate the remainder when i is divided by 31.
28
Let d(v) = -v**2 - 2*v - 4. Let i be d(-7). Let s = i + 93. Suppose 0 = 2*y - 2*c - 38, -10*y + 5*c = -8*y - 53. Calculate the remainder when s is divided by y.
12
Suppose i - 4*b - b = 50, -3*i + 2*b = -85. Let d = -142 - -215. Suppose -355 = -5*z + 5*q, -3*q + 4*q - d = -z. Calculate the remainder when z is divided by i.
22
Let n(l) = 6*l**2 - 10*l + 14. Let k(v) = -v**2. Let s(d) = -5*k(d) - n(d). Let w be s(8). Calculate the remainder when 295/10*(0 + w) is divided by 20.
19
Suppose 194*i - 8 = 193*i. Calculate the remainder when 14 is divided by i.
6
Suppose 2*w + w = 153. Let o = w - 35. What is the remainder when 61 is divided by o?
13
Let n = -818 - -1125. What is the remainder when n is divided by 12?
7
Let l be 3*(-10)/6 + 11. Suppose -5*w - 29 = -f + 3, f - 3*w = 40. Let i = f - l. Calculate the remainder when i is divided by 16.
14
Let m(a) = -a**2 - 2*a + 16. Suppose 3*v = v + 4*v. Let g(l) = l**3 - 6*l + 5. Calculate the remainder when g(4) is divided by m(v).
13
Let z = 995 - 635. What is the remainder when z is divided by 14?
10
Let t = 54 - 418. Suppose -105*j + 108*j - 12 = 0, p + 2*j = 15. What is the remainder when t/(-18) - (-2)/(-9) is divided by p?
6
Calculate the remainder when 106 is divided by (144/(-192))/(2/(-16)).
4
Suppose 0 = -4*r + 6*r - 8. Suppose -5*x = -6*x + r. Suppose 0 = x*y - 4, 2*s + 16 = -3*y + 99. What is the remainder when s is divided by 14?
12
Calculate the remainder when 8 + 30/(-6) + 51 is divided by 12.
6
Let a(c) = c**2 + 4*c - 3. Suppose -10*d + 14*d = 76. Let u = 23 - d. Calculate the remainder when a(-6) is divided by u.
1
Calculate the remainder when 1/((-1)/4)*2*-25 is divided by 21.
11
Suppose 0 = 17*v - 12*v - 430. Suppose -4*o + 3*z - 36 + 164 = 0, 4*z = -2*o + v. Suppose 0 = t - 16 - 3. What is the remainder when o is divided by t?
16
Let u(c) = 6*c**2 + 5*c - 6. Let m be u(6). Suppose -15*k + 20*k = m. What is the remainder when k is divided by 17?
14
Let d = -8 - -26. Suppose -7*p + 198 + 166 = 0. Calculate the remainder when p is divided by d.
16
Suppose -5*n + 20 = 5*s, 2*n + 6 = -5*s + 17. Suppose -u + 134*k = 138*k + 13, 5*u - 19 = k. What is the remainder when u is divided by s?
0
Let j be 1 - (-24)/2 - -1. Suppose 8*p + 7 = -1. Let u = p + j. What is the remainder when u is divided by 7?
6
Suppose 0 = 3*x + 4*p + 3 - 239, 4*x + 4*p - 312 = 0. Calculate the remainder when 160 is divided by x.
8
Let d(c) = -16*c - 177. What is the remainder when 136 is divided by d(-14)?
42
Let z(r) = -r**2 + 3*r + 122. Let f(n) = n**3 + 12*n**2 - n - 8. What is the remainder when z(12) is divided by f(-12)?
2
Let v be 4 + -7 + (-24)/(-3). Suppose -v*a + 37 + 3 = 0. Calculate the remainder when 71 is divided by (18/a)/(15/160).
23
Let c(d) = -d**2 + 17*d - 33. What is the remainder when 184 is divided by c(12)?
22
Suppose l = -2*h + 5*l - 22, 5*l - 5 = -5*h. Suppose 2*w - 79 = -2*w + 3*g, -5*w + 3*g = -101. What is the remainder when ((-82)/(-2))/(h - -4) is divided by w?
19
Suppose 2*x = 2*j + 42, 4*x + 0*j - 87 = 3*j. What is the remainder when (747/(-12))/((-9)/x) is divided by 24?
22
Suppose -41*q = 2864 - 11966. Calculate the remainder when q is divided by 15.
12
Suppose -2*x = 5*d - 350, -2*d + d + 92 = -4*x. What is the remainder when d is divided by 72?
0
Suppose 4*b - 16 = 0, 2*u + 6 = b + 72. Let n be 3/21 - (-100)/u. Suppose -n*s = 3*c - 18, 0*s + 2*c - 2 = -s. What is the remainder when 39 is divided by s?
9
Suppose 3*k - 4*y = 57, -5*k + 8*k + 5*y = 57. What is the remainder when 92 is divided by k?
16
Let u(l) = 2*l**3 - 41*l**2 + 28*l - 39. What is the remainder when u(20) is divided by 43?
35
Let w(h) = -h**2 - 16*h + 2. Let a be w(-5). Let d = a - 23. What is the remainder when d is divided by 18?
16
Suppose -2*s + 7*s - 540 = 0. Suppose 5*c - 2*c = s. Calculate the remainder when c is divided by 13.
10
Suppose 5*b = -5, 4*b - 12 = -4*n + 4. Calculate the remainder when 37 is divided by n.
2
What is the remainder when 24 is divided by -2*(-12)/16*(-350)/(-75)?
3
Let b(i) = -i**2 + 3*i + 22. What is the remainder when 83 is divided by b(5)?
11
Let y(o) = o**2 + 3. Suppose 2*d + 47 = -5*c + 6*d, 0 = -3*c + d - 24. Calculate the remainder when 205 is divided by y(c).
49
Let q(t) = -t**2 + 11*t + 1. Let b be q(10). Suppose y = -x + b, -y + 16 = -